 3/(4 + (-44)/8). What is the hundreds digit of (((-7668)/63)/3)/(q/7)?
1
Let p = 5672 - 3285. Suppose 4*n - 24758 = -24742. Suppose n*v = -7*v + p. What is the units digit of v?
7
Let z(r) = 512*r + 1028. Let c be z(-2). Suppose 0 = -s + 10 - 2. Suppose -5*p + c*q = -195, s = -3*q - 7. What is the units digit of p?
5
Suppose 0 = -248*g + 807580 + 2060292. What is the ten thousands digit of g?
1
Let h(y) = y**3 + 4*y**2 + 8*y + 18. Let g(r) = -2*r**3 - 9*r**2 - 17*r - 36. Let o(f) = 3*g(f) + 5*h(f). What is the tens digit of o(-7)?
5
Suppose -5*l - 5*q + 42360 = 0, 13056 = 2*l - 3*q - 3893. What is the tens digit of l?
7
Let w(h) = -1 + 187*h + 18 + 9 + 0 + 10. What is the units digit of w(5)?
1
Suppose 0 = -g + 5, 0*g - g = k - 12. Suppose -12 = -o - k. Suppose -2*l + 5*r - 18 = -4*l, -3*l - o*r = -37. What is the tens digit of l?
1
Let u = 37 + -35. Suppose 3*g = u*g - 17. Let n(k) = k**2 + 14*k - 1. What is the tens digit of n(g)?
5
What is the tens digit of 1 + 18589/3 + 228/(-684)?
9
Let a = 60 + -51. Suppose 8*b + 2 = a*b. Suppose 354 = -b*d + 5*d. What is the tens digit of d?
1
Suppose 0 = -16*a + 20*a - v - 23751, -12 = 4*v. What is the thousands digit of a?
5
Suppose -8*t - 2338 = -22*t. What is the units digit of (t/(-3))/(208/24 + -9)?
7
Suppose -5*d + 8*d - 3*q - 29286 = 0, 19482 = 2*d + 5*q. What is the units digit of d?
6
What is the tens digit of 24/(-3) - (41587/(-13))/(2/22)?
8
Suppose -3*n + 28450 = 5*p, n + 330*p - 9502 = 326*p. What is the hundreds digit of n?
4
Let p(c) = -14*c + 20. Suppose 7*w - 8 + 8 = 0. Suppose g - 2*u = 0, 21 = -3*g - w*u - u. What is the units digit of p(g)?
4
What is the thousands digit of 52/65 + 5209*45/25?
9
Let g(c) = 58*c - 1 + 6 - 3 - 3. Let w(v) = -v**3 + 6*v**2 + 1. Let m be w(6). What is the units digit of g(m)?
7
What is the tens digit of (2/(-3))/(156/(-634374))?
1
Suppose 3*l + 58608 = 3*b, 32*l - 78147 = -4*b + 37*l. What is the thousands digit of b?
9
Let y(x) = 968*x - 1780. What is the thousands digit of y(7)?
4
Let i = -4406 - -9717. What is the hundreds digit of i?
3
Let x(g) = -1489*g + 12 + 1535*g - 8. What is the hundreds digit of x(5)?
2
What is the thousands digit of (0 + 100/(-35))/((-2)/3479)?
4
Let j = -7980 - -25293. What is the hundreds digit of j?
3
Let g = 292 + 10249. What is the tens digit of g?
4
Let s(w) be the second derivative of -1/20*w**5 + 0 - 20*w + 2/3*w**3 + 1/3*w**4 - w**2. What is the tens digit of s(-4)?
1
Suppose 2*p + 4*c = -10 + 26, p - 17 = -5*c. Let x be (-1)/(4*p/1128). Let g = -70 - x. What is the units digit of g?
1
Let z = -43 - -45. Let j be (-3 + (z - -1))/2. What is the hundreds digit of (465/(-12) + j)*-4?
1
Suppose -21*k = -19*k. Suppose l + 4*a - 198 - 70 = k, -2*l + 4*a = -524. What is the units digit of l?
4
Let d = -73 + 40. Let i be d/11 - (55 - 1). Let g = -35 - i. What is the tens digit of g?
2
Let l = 65 + -61. Let o(z) = -2*z**2 + 9*z + 1. Let n be o(l). Suppose 5*g - 3*y + 100 = 6*g, -480 = -5*g + n*y. What is the tens digit of g?
9
Let n be (16/(-28))/(4/14). What is the thousands digit of (8 + (-18185)/10)*n/3?
1
Let k be 242/16 + (-46)/368. Suppose 0 = -k*f - f + 6672. What is the hundreds digit of f?
4
What is the thousands digit of -1 + (3 - (56/(-7) - 5154))?
5
Let q be ((-5)/5 + 2 + -1)/2. Suppose q = -4*d + 11 + 5. What is the units digit of d*(2/4)/(9/531)?
8
Let w(y) = -13*y**2 + 2*y - 3. Let c be w(2). Suppose 3*n - 26*n + 145 = -292. Let g = n - c. What is the units digit of g?
0
Let n be 6/9*(-126)/(0 - 2). Suppose 10*t - n = 3*t. What is the units digit of 109 - 1*t/6?
8
Let c(y) = 14*y - 35. Let d be c(3). Suppose 4*g + d*p = 3*p + 260, -263 = -4*g - 3*p. What is the units digit of g?
8
Let j = 8443 - 3024. What is the thousands digit of j?
5
Suppose -44*z - 28*z = -8*z - 720576. What is the thousands digit of z?
1
Suppose -29 = b - 2*m, 0 = -0*b + 2*b + 3*m + 93. Let p be 1*13/b*9*1. What is the hundreds digit of 6/p*246/(-4)?
1
What is the units digit of (-1829520)/(-135) + (-1)/(-1)?
3
Suppose -400*p + 644090 + 233910 = 0. What is the thousands digit of p?
2
What is the tens digit of (17 - 20)/((-1)/2497)?
9
Let w(a) = -45 - 9 + 60*a + 11 - 84 + 5. What is the hundreds digit of w(20)?
0
Let g = 114749 - 66436. What is the ten thousands digit of g?
4
Suppose 0 = 388*p - 11217746 - 3288798. What is the tens digit of p?
8
What is the hundreds digit of (1/(-16) + 2149787/(-1104))*-3?
8
Let m(d) be the second derivative of 13/6*d**3 + 6*d + 0 + 9*d**2. What is the units digit of m(7)?
9
Let m = 66 - 63. What is the units digit of (-308)/(-6)*(m + (-9 - -9))?
4
Let s = -10110 - -17130. What is the hundreds digit of s?
0
Let s(m) = -m**3 + 12*m**2 + m - 16. Let r be s(12). Let z be 3*(1 + 40) + r. Suppose z = 2*l - 49. What is the tens digit of l?
8
Suppose -l + 3*r + 8139 = 0, 117*l + 2*r = 115*l + 16294. What is the hundreds digit of l?
1
Suppose 2*x - 4*d = 96602, -x + 6*x = -3*d + 241518. What is the ten thousands digit of x?
4
What is the tens digit of (-13)/((-208)/(-32))*(-266607)/6?
6
Let x = 34800 - 662. What is the tens digit of x?
3
Let x(p) = -68 + 22*p - 97 - 7*p - 51*p - 65*p. What is the hundreds digit of x(-10)?
8
Let q = 70342 + -35322. What is the units digit of q?
0
Let j = -249 - -250. Let h(a) = -a. Let f(n) = -8*n + 2. Let b(t) = -f(t) + 4*h(t). What is the units digit of b(j)?
2
Suppose 2*l = 3*b, -4*b + 3*l - 2*l = -5. Let w = 56 - b. What is the tens digit of w?
5
Let t(s) = 275*s**2 + 30*s + 302. What is the thousands digit of t(-7)?
3
Let a(t) = 10*t**2 + 10*t - 70. Let z be a(11). Suppose 3909 = 4*d - 3*v, 5*d + 5*v + z = 6110. What is the tens digit of d?
7
Let u be ((-10)/4)/(-2 + 6/4). Suppose -4*g = -5*c - 653 - 747, u*g - 1795 = -5*c. What is the tens digit of g?
5
Let b(j) = -19660*j + 1151. What is the ten thousands digit of b(-1)?
2
Suppose 39092 - 2716 = 8*m. What is the hundreds digit of m?
5
Let y be (3 + 0)/(5 + -3 + -3). Let m = y - -6. Suppose -5*a + 5*l = 4*l - 632, -136 = -a - m*l. What is the units digit of a?
7
Suppose -5*i = -u - 161, 0 = -3*i + 5*u - 9*u + 92. Suppose -i*g + 1800 = -29*g. What is the units digit of g?
0
Let g be (2 + 12/9)*(-3)/(-2). Let f be -3 - ((-221 - -2) + g + -8). Suppose f + 627 = 6*z. What is the units digit of z?
1
Let n(s) = -2416*s + 201. What is the hundreds digit of n(-21)?
9
Suppose -f + 3*s - 450 = -4*f, -2*f + 288 = -4*s. Suppose -f + 10 = -h - 2*k, -4*h - k + 566 = 0. Suppose b = -5 + h. What is the hundreds digit of b?
1
Let w(x) = 14*x + 28. Let g be w(-2). What is the tens digit of (g - 1) + (-7060)/(-10)?
0
Suppose 3*h + 4*u = 3959, -5312 = -3*h - h + 3*u. Let y = h - 925. Suppose -56 - y = -4*v. What is the units digit of v?
4
Let o(t) = 93*t**3 + 4*t**2 + 28*t - 17. What is the hundreds digit of o(6)?
3
Let s(q) = -3*q**3 - 3*q**2 + 10*q - 6. Let y be s(-7). Let t = -194 + y. What is the units digit of t?
2
Let n = -354 - -354. Suppose -3*o + 200 = -4*i, 3 = 3*i - n. What is the units digit of o?
8
Let v = 16 + -14. Let h = 232 + -131. Suppose v*g = h + 73. What is the units digit of g?
7
Let n be -1 + (1 - -2) + -2. Let o(m) = -m**3 + 2*m**2 + m + 148. Let h be o(n). Suppose -2*l + h = 4*b, -1 - 1 = 2*b. What is the units digit of l?
6
Let y(v) = v**3 - 107*v**2 - 562*v + 242. What is the tens digit of y(112)?
1
Suppose 32*c - 4*g = 35*c - 79530, 2*c - 3*g = 53020. What is the hundreds digit of c?
5
Suppose -26*k + 35876 + 31490 = 0. What is the units digit of k?
1
Let a = 6101 + 690. What is the thousands digit of a?
6
Let y = -1223 - -13082. Suppose 4*d + 3635 = y. What is the tens digit of d?
5
Suppose -11355 = -5*f - 5*z, 2267 = -2*f + 3*f - z. Let u = f - 987. What is the hundreds digit of u?
2
Let l be -1 + 96 - (4 - (-4 + 6)). What is the tens digit of 3 + (l - (-3 - 1))?
0
Suppose 5*z + 31 = 51. Suppose 2372 = 4*c - z*b - 0*b, -c + 575 = 5*b. What is the tens digit of c?
9
Let n(h) = -6341*h**3 - 10*h**2 - 3*h + 6. What is the hundreds digit of n(-1)?
3
Suppose -3*n + 5*q - 12 = 9, -5*q - 51 = 3*n. Let l = 92 - 101. What is the units digit of 2692/16 + l/n?
9
What is the hundreds digit of (-10)/(-4) + 2140700/200?
7
Suppose 0 = 92*v - 94*v. Suppose v = 4*x + 124 - 548. What is the units digit of x?
6
Let l(g) = -43*g**